{"id":8,"date":"2007-08-09T00:10:17","date_gmt":"2007-08-08T22:10:17","guid":{"rendered":"http:\/\/www.svenscholz.de\/index.php\/impressum\/"},"modified":"2018-06-02T17:38:11","modified_gmt":"2018-06-02T16:38:11","slug":"impressum","status":"publish","type":"page","link":"https:\/\/svenscholz.de\/index.php\/impressum\/","title":{"rendered":"Impressum &#038; Datenschutz"},"content":{"rendered":"<p><img decoding=\"async\" style=\"margin-right: 15px;\" src=\"http:\/\/www.svenscholz.de\/wp-content\/sven1.jpg\" alt=\"Sven Scholz\" align=\"left\" border=\"0\" \/>Verantwortlich f\u00fcr Inhalt und Form ausschlie\u00dflich dieser Webpr\u00e4senz und ihres Angebotes, das im Zweifel ausschlie\u00dflich aus pers\u00f6nlicher Meinungs\u00e4u\u00dferung von Privatpersonen im Rahmen der grundgesetzlich verankerten Meinungsfreiheit besteht:<\/p>\n<p>Sven Scholz<br \/>\nKastanienweg 7<br \/>\n69509 M\u00f6rlenbach<\/p>\n<p>tel: 0172 98 56 247 (d2)<br \/>\ns.sentense@gmail.com<\/p>\n<p>F\u00fcr Inhalte in den Kommentaren bleiben ausschlie\u00dflich deren Autoren verantwortlich. Sollte ein Kommentator die Grenzen der Meinungsfreiheit \u00fcberschritten haben und ich habe das nicht bemerkt, werde ich auf Hinweis eine L\u00f6schung pr\u00fcfen. &#8222;Hinweis&#8220; bedeutet: einfach eine freundliche Mail oder anrufen, ich bei\u00dfe nicht und mit mir kann man reden. Anw\u00e4lte braucht f\u00fcr sowas erstmal kein Mensch.<\/p>\n<p><em>Liebe Abmahner, ich habe gen\u00fcgend Geld und Freunde, um jede ungerechtfertigte Abmahnung (und das sind 99%) mit einer negativen Feststellungsklage inklusive begleitender Blogkampagne, der Abmahnern einen PR-Gau beschert, den sie mit Sicherheit nicht haben wollen, beantworten zu k\u00f6nnen &#8211; und werde dies auch schon aus Prinzip tun. <\/em><\/p>\n<p>Es sei auch hiermit angek\u00fcndigt und somit als bekannt vorausgesetzt, dass jegliche Schreiben in solchen Zusammenh\u00e4ngen grunds\u00e4tzlich ver\u00f6ffentlicht werden.<\/p>\n<p>Also wenn jemand wirklich ein echtes Problem mit mir hat, versuchen Sie es mal mit einem freundlichen Brief oder einem Gespr\u00e4ch, wie es unter zivilisierten Menschen \u00fcblich ist, mit mir kann man auf einer solchen Ebene n\u00e4mlich prima reden und da bin ich dann auch sehr entgegenkommend, nett und freundlich.<\/p>\n<p>Und komm&#8216; mir keiner mit &#8222;journalistischen Qualit\u00e4tskriterien&#8220; &#8211; w\u00fcrden solche Anspr\u00fcche auf mich zutreffen h\u00e4tte ich einen Presseausweis. Habe ich nicht. Will ich auch garnicht. Ich bin hier Privatmensch mit privater und subjektiver Meinung. Nicht mehr. Aber mit Sicherheit auch niemals weniger!<\/p>\n<p>Linkhaftung: Ich verlinke nur auf Inhalte, die nach meinem Wissenstand zum Verlinkungszeitpunkt rechtlich einwandfrei gewesen sind. Sollte sich ein Inhalt nachtr\u00e4glich \u00e4ndern oder ich zum Zeitpunkt der Verlinkung einer Fehleinsch\u00e4tzung unterlegen sein, bitte ich, mir dies mitzuteilen, damit ich den entsprechenden Link kontrollieren und gegebenenfalls angemessen korrigieren kann, da ich nat\u00fcrlich keinesfalls bewusst auf rechtlich nicht einwandfreie Inhalte verlinken m\u00f6chte. Rechtliche Anspr\u00fcche entstehen wenn \u00fcberhaupt erst, wenn ich auf einen entsprechenden Hinweis nach zumutbarer Zeit f\u00fcr eine f\u00fcr mich und mein Wissen zumutbare Pr\u00fcfung des bem\u00e4ngelten Sachverhaltes nicht angemessen reagieren sollte.<\/p>\n<p>Urheberrecht: Alle Rechte verbleiben beim Autor. Im Zweifel einfach mal nett Fragen kostet nix, Zitieren ist selbstverst\u00e4ndlich erlaubt (sprich: Quellenangabe und keine Fullquotes), Ausnahmen k\u00f6nnen ebenfalls erfragt werden und werden bei nicht kommerzieller Motivation dann im Normalfall auch gew\u00e4hrt. Ungefragtes kopieren, u.U. noch dazu zum Zwecke, damit irgendwie Geld zu verdienen, das ist etwas, worauf ich sehr pissig reagiere. Der Feed ist zum Lesen da, und nicht zum draus eigenen Content machen (alles schon vorgekommen). Sonst kommt nach einer freundlichen Warnung ganz schnell eine offizielle Rechnung! Alles klar?<\/p>\n<p><strong>Mehr Datenschutz Blabla<\/strong><\/p>\n<p>Wenn Besucher Kommentare auf der Website schreiben, bekomme ich die Daten, die im Kommentar-Formular abgefragt werden, au\u00dferdem die IP-Adresse des Besuchers und den User-Agent-String (damit wird der Browser identifiziert), um die Erkennung von Spam zu unterst\u00fctzen. Ob diese Daten stimmen pr\u00fcfe ich nicht nach. Solang du also keine Mail von mir bzw. der Website bekommen willst, musst du keine g\u00fcltige Mailadresse angeben.<\/p>\n<p>Wenn du eine g\u00fcltige Mail-Adresse angibst und eine der beiden Benachrichtigungs-Haken setzt, passiert genau das, was du damit w\u00fcnschst: du bekommst eine Mail, wenn entweder ein neuer Kommentar geschrieben wurde oder ein neues Posting ver\u00f6ffentlicht wird. Wenn du das nicht willst, setze keinen Haken. Wenn du einen setzt, bist du auch damit einverstanden, dass du Mail bekommst. Ist irgendwie logisch, oder?<\/p>\n<p>Wenn du eine Mail-Adresse angibst, die nicht deine ist und so andere Leute ungewollte Mails von mir bekommen, werde ich alles tun, um rauszufinden, wer du bist und meinen Anwalt auf dich hetzen. Wer von mir unbestellt Mails bekommt m\u00f6ge sich bitte mit mir in Verbindung setzen, damit ich das nat\u00fcrlich sofort abstellen kann und damit ich anhand der Mail-Daten einen Abgleich mit meinen Logdaten machen kann, um eventuell herauszufinden, wer da meinte, mir schaden zu wollen.<\/p>\n<p>Aus deiner E-Mail-Adresse kann eine anonymisierte Zeichenfolge erstellt (auch Hash genannt) und dem Gravatar-Dienst \u00fcbergeben werden, um zu pr\u00fcfen, ob du diesen benutzt. Die Datenschutzerkl\u00e4rung des Gravatar-Dienstes findest du hier: <a href=\"https:\/\/automattic.com\/privacy\/\" target=\"_blank\" rel=\"noopener\">https:\/\/automattic.com\/privacy\/<\/a>. Nachdem dein Kommentar freigegeben wurde, ist dein Profilbild \u00f6ffentlich im Kontext deines Kommentars sichtbar.<\/p>\n<p>Wenn du einen Kommentar auf meiner Website schreibst, kann das eine Einwilligung sein, deinen Namen, E-Mail-Adresse und Website in Cookies zu speichern. Dies ist eine Komfortfunktion, damit du nicht, wenn du einen weiteren Kommentar schreibst, all diese Daten erneut eingeben musst. Diese Cookies werden ein Jahr lang gespeichert. Wenn du einen Kommentar schreibst, wird dieser inklusive Metadaten zeitlich unbegrenzt gespeichert. Auf diese Art k\u00f6nnen wir Folgekommentare automatisch erkennen und freigeben, anstelle sie in einer Moderations-Warteschlange festzuhalten.<\/p>\n<p>Wenn du ein Konto auf dieser Website besitzt (was du nicht tust, weil niemand au\u00dfer mir einen Nutzer hier registrieren kann)\u00a0 oder Kommentare geschrieben hast, kannst du einen Export deiner personenbezogenen Daten bei mir anfordern, inklusive aller Daten, die du mir mitgeteilt hast. Dar\u00fcber hinaus kannst du die L\u00f6schung aller personenbezogenen Daten, die ich von dir gespeichert habe, anfordern. Dies umfasst nicht die Daten, die aufgrund administrativer, rechtlicher oder sicherheitsrelevanter Notwendigkeiten aufbewahrt werden m\u00fcssen.<\/p>\n<p>Ich bin mir nicht sicher, ob dieses Theme Google Webfonts nutzt. Kann gut sein. Wenn du nicht willst, dass (nur) deine IP (die im Normalfall eh dynamisch vergeben wird, also v\u00f6llig irrelevant ist) von Google f\u00fcr statistische Zwecke gespeichert wird, weil dein Browser einen Google-Font l\u00e4dt, schlie\u00dfe diese Seite und komm nie wieder. \u00dcberhaupt, wenn du nicht willst, dass irgendwas auf dieser Seite irgendwas von dir speichert oder loggt, geh einfach weg und komm nie wieder. Und l\u00f6sch&#8216; deinen Browsercache und die Cookies (zu finden in den Optionen deines Browsers, meist unter &#8222;Datenschutz&#8220; oder &#8222;Privacy&#8220; irgendwo).<\/p>\n","protected":false},"excerpt":{"rendered":"<p>Verantwortlich f\u00fcr Inhalt und Form ausschlie\u00dflich dieser Webpr\u00e4senz und ihres Angebotes, das im Zweifel ausschlie\u00dflich aus pers\u00f6nlicher Meinungs\u00e4u\u00dferung von Privatpersonen im Rahmen der grundgesetzlich verankerten Meinungsfreiheit besteht: Sven Scholz Kastanienweg 7 69509 M\u00f6rlenbach tel: 0172 98 56 247 (d2) s.sentense@gmail.com F\u00fcr Inhalte in den Kommentaren bleiben ausschlie\u00dflich deren Autoren verantwortlich. Sollte ein Kommentator die Grenzen &hellip; <a href=\"https:\/\/svenscholz.de\/index.php\/impressum\/\" class=\"more-link\"><span class=\"screen-reader-text\">Impressum &#038; Datenschutz<\/span> weiterlesen <span class=\"meta-nav\">&rarr;<\/span><\/a><\/p>\n","protected":false},"author":1,"featured_media":0,"parent":0,"menu_order":0,"comment_status":"closed","ping_status":"closed","template":"","meta":{"footnotes":""},"class_list":["post-8","page","type-page","status-publish","hentry"],"_links":{"self":[{"href":"https:\/\/svenscholz.de\/index.php\/wp-json\/wp\/v2\/pages\/8","targetHints":{"allow":["GET"]}}],"collection":[{"href":"https:\/\/svenscholz.de\/index.php\/wp-json\/wp\/v2\/pages"}],"about":[{"href":"https:\/\/svenscholz.de\/index.php\/wp-json\/wp\/v2\/types\/page"}],"author":[{"embeddable":true,"href":"https:\/\/svenscholz.de\/index.php\/wp-json\/wp\/v2\/users\/1"}],"replies":[{"embeddable":true,"href":"https:\/\/svenscholz.de\/index.php\/wp-json\/wp\/v2\/comments?post=8"}],"version-history":[{"count":8,"href":"https:\/\/svenscholz.de\/index.php\/wp-json\/wp\/v2\/pages\/8\/revisions"}],"predecessor-version":[{"id":1323,"href":"https:\/\/svenscholz.de\/index.php\/wp-json\/wp\/v2\/pages\/8\/revisions\/1323"}],"wp:attachment":[{"href":"https:\/\/svenscholz.de\/index.php\/wp-json\/wp\/v2\/media?parent=8"}],"curies":[{"name":"wp","href":"https:\/\/api.w.org\/{rel}","templated":true}]}}